der when o is divided by (-28)/(-3) - (-2)/3?
9
Let c(u) = -u - 7. Let z be c(-7). Let s(x) = -x + 6. Let d(h) = -11*h. Calculate the remainder when d(-1) is divided by s(z).
5
Suppose -5*y - 7 = 8. What is the remainder when y/6 - (-46)/4 is divided by 5?
1
Suppose 4*f = -0*f + 20. Let x(k) = 12*k + 21*k + 5 - 38*k + k**2. Calculate the remainder when 13 is divided by x(f).
3
Let d(n) be the third derivative of n**5/30 + 17*n**4/24 + 4*n**3/3 - 2*n**2. What is the remainder when d(-11) is divided by 16?
15
Suppose 9 = -3*c + 51. Calculate the remainder when 27 is divided by c.
13
Let s = -49 + 34. Let w be 169/(-5) - (-3)/s. What is the remainder when ((-2)/4)/(1/w) is divided by 6?
5
Let n(v) = -v**3 - 6*v**2 - 5*v + 1. Let h be n(-5). Suppose p - 2 = h. Suppose -p = -5*z + 17, 3*u - 3*z = 15. Calculate the remainder when 25 is divided by u.
7
Let o = 10 - 8. Suppose o*k - 90 = -3*k. Calculate the remainder when k is divided by 5.
3
What is the remainder when 1/(33/(-17) + 2) is divided by 4?
1
Let c(g) = 8*g**2 - 3*g - 3. Let y be c(-2). Suppose q - y = -4*q. Suppose 0 = v + 4*a + 8, -2*v + a - 4 = 5*a. What is the remainder when q is divided by v?
3
What is the remainder when 87 is divided by (-16 - -15)/(1/(-22))?
21
Suppose -3*j - 162 = -12*j. Calculate the remainder when 88 is divided by j.
16
What is the remainder when (-2)/(-8) + (-67)/(-4) is divided by 10?
7
Let x(c) be the first derivative of 2*c**3/3 - 3*c**2/2 + 3*c + 3. Calculate the remainder when x(-6) is divided by 24.
21
Let y = -5 - -8. Suppose 2*m + m = 4*x + 106, -y*m = -3*x - 102. Calculate the remainder when m is divided by 16.
14
Let k(z) = 2*z**3 - z**3 - 5 + 2 - 2*z**2 + 8*z - 7*z**2. What is the remainder when k(9) is divided by 24?
21
Suppose -h + 11 + 11 = 0. Suppose 70 = 2*z - 2*g - 50, 0 = 5*g - 25. What is the remainder when z is divided by h?
21
Suppose -f - r - 1 = 0, -2*f + 5*r - 2*r - 17 = 0. What is the remainder when 14 is divided by (-360)/(-44) + f/22?
6
Let p = -178 - -258. Calculate the remainder when p is divided by 14.
10
Suppose s = -m + 4, -3*m + 2 + 1 = 0. Let u = s - -1. Let g(t) = 2*t**2 - 5*t - 4. What is the remainder when g(u) is divided by 5?
3
Let d = 2 - -1. Let v = -35 + 39. Calculate the remainder when v is divided by d.
1
Let l(w) be the second derivative of w**5/20 + w**4/3 - w**3/2 - 3*w**2 - w. What is the remainder when 15 is divided by l(-4)?
3
Let j(s) = -s + 4. Let w be j(3). Let t = -2 + 9. Calculate the remainder when t is divided by 2*(w - (-3 + 2)).
3
Let l(m) = -5*m. Suppose -5*k + 4*d - 8 - 22 = 0, -d = -5. Let q(b) = -7*b - 3. What is the remainder when l(-4) is divided by q(k)?
9
Suppose 81 = 3*j - 3*h, -3*j + 5*h = -7*j + 72. Calculate the remainder when j is divided by 9.
5
Let n = -20 + 31. Calculate the remainder when n is divided by 4.
3
Let x(w) be the second derivative of 5*w**4/12 - w**3/2 + w. Let y = 66 + -39. Calculate the remainder when y is divided by x(2).
13
Let z = -26 - -34. Calculate the remainder when 22 is divided by z.
6
Let a(q) = 3*q**3 - 2*q**2 + q. Let n be a(2). Let z = 67 - n. Suppose -7*p = -2*p - 85. What is the remainder when z is divided by p?
15
Let z(l) = -l**2 + l + 7. Let t be z(3). Calculate the remainder when 6 is divided by t - -4 - (4 - 3).
2
Let d(z) = 11*z + 3. What is the remainder when d(4) is divided by 16?
15
Suppose -5*u - 1 = 59. Let h be 16/u*1*-3. Suppose 1 - 14 = -r + 4*w, -h*r = -5*w - 52. Calculate the remainder when 37 is divided by r.
11
Let j(a) = -a + 3. Let x(i) = 12*i - 2. Calculate the remainder when x(2) is divided by j(-3).
4
Suppose 5*k = -42 + 187. Calculate the remainder when 83 is divided by k.
25
Let u(h) = -h**3 + 8*h**2 + 5. Suppose -4*b + 14 + 2 = 0. Suppose -3*j - d + 19 = 0, -2*d + 24 = b*j - 0*j. Calculate the remainder when j is divided by u(8).
2
Let s = 22 - 20. What is the remainder when 11 is divided by s?
1
Suppose -3*z + 5*z + 8 = q, -3*q + 3 = z. What is the remainder when 2 is divided by q?
0
Let l = 118 - -9. Calculate the remainder when l is divided by 26.
23
Let o(j) = 2*j + 3*j - 5*j + j**2 - 2*j. Calculate the remainder when 31 is divided by o(4).
7
Let l(g) = 5*g**2 - 6*g + 16. Let k(q) = -11*q**2 + 11*q - 33. Let i(m) = 4*k(m) + 9*l(m). Calculate the remainder when 9 is divided by i(9).
0
Suppose -v + 170 = v. Suppose -5*w + 12*w - 154 = 0. What is the remainder when v is divided by w?
19
Suppose 0 = -2*n + i + 26, 0 = -7*n + 2*n + 5*i + 55. What is the remainder when 59 is divided by n?
14
Let r(i) = 3*i - 6. Calculate the remainder when r(8) is divided by 10.
8
Let g be -1 + 6*(-2)/(-4). Suppose g*c + 147 = 5*c. Calculate the remainder when 1*c + (-2)/1 is divided by 16.
15
Let i = 116 - 108. Calculate the remainder when 21 is divided by i.
5
Let v(c) = -61*c - 2. Let b(s) = -31*s - 1. Let t(h) = -7*b(h) + 3*v(h). Calculate the remainder when t(1) is divided by 19.
16
Let j = -4 + 2. Calculate the remainder when 18 is divided by (j/(-6))/(1/15).
3
Suppose -2*w = 2*w - 100. Calculate the remainder when 49 is divided by w.
24
Let x(p) = p**3 + 5*p**2 - p - 8. Calculate the remainder when 71 is divided by x(-4).
11
Suppose -2*g + 5*g - 120 = 0. What is the remainder when g is divided by 14?
12
Let v = -53 + 76. Let f = -43 + 56. What is the remainder when v is divided by f?
10
Let o(x) = x**3 - 3*x**2 + 3*x + 1. Let w(b) = 7*b + 1. Let a = -10 + 14. Calculate the remainder when w(a) is divided by o(3).
9
Let x = -15 + 21. Let w = x - 3. Suppose 0 = -3*g + 2*g - 4, w*q - 18 = -3*g. Calculate the remainder when 19 is divided by q.
9
Suppose -2*w + 20 = 3*f - 13, -5*w + 99 = 2*f. What is the remainder when 104 is divided by w?
20
Suppose -c = -5*x + 20, 5*x - 12 = 3*c + 2*x. Suppose t + c*t - 4*w = 3, -4*w + 66 = 2*t. Calculate the remainder when t is divided by 8.
7
Let t(y) = -y**2 + 15*y - 16. Calculate the remainder when t(11) is divided by 10.
8
Let n(z) = -z**2 - 6*z + 1. Let g be n(-6). Let r(i) = i + 1. Let q(j) = 2*j - 10. What is the remainder when r(g) is divided by q(6)?
0
Let r be 207/(-3)*(-2)/6. Suppose -w - 12 = -f, -2*f - w - 5 = -r. What is the remainder when f is divided by (-17)/(-5) - 3/(-5)?
2
Let v = 7 - 0. Let a = 21 + -3. What is the remainder when (-2)/(-9) - (-356)/a is divided by v?
6
Suppose 23 = -3*n + 152. Let h = 73 - n. What is the remainder when h is divided by 16?
14
Suppose -5*i + 1416 = 5*k + 346, 2*i - 410 = 4*k. Let r = i + -149. Calculate the remainder when r is divided by 16.
14
Suppose -8*g = -0*g - 256. What is the remainder when 94 is divided by g?
30
Let f be 0 - -2*(-3)/2. What is the remainder when f + 5/((-10)/(-64)) is divided by 10?
9
Suppose -2 + 6 = 2*v. Calculate the remainder when 4 is divided by 1/(5/(-3) + v).
1
Suppose 0 = 4*o - 5*o. Suppose 5*w - 104 + 39 = o. Calculate the remainder when w is divided by 8.
5
Let h(w) = -w**3 + 9*w**2 - 6*w - 4. Calculate the remainder when 35 is divided by h(8).
11
Suppose 65 = -4*r + 185. What is the remainder when 116 is divided by r?
26
Let a(w) = w. Let c be a(-2). Let x = 13 - c. What is the remainder when x is divided by 8?
7
Suppose 7*z = z + 78. What is the remainder when 37 is divided by z?
11
What is the remainder when 141 is divided by 11/(385/10)*56?
13
Suppose 9*c + c - 480 = 0. Calculate the remainder when c is divided by (-32 - 2)*(-2)/4.
14
Suppose -4*i + 8 = -36. Suppose 0 = 2*r - 43 - 43. Calculate the remainder when r is divided by i.
10
Let v(y) = -y**3 + 4*y**2 + 2. Let u be v(4). Suppose -2*a = 3*b + 15, -5 = b - 0*b + u*a. Let n = b + 19. Calculate the remainder when n is divided by 8.
6
Let n = 50 + -1. What is the remainder when n is divided by 26?
23
Let n(m) = 12*m + 2. Let j be n(4). Calculate the remainder when ((-27)/2)/(6/(-8)) is divided by j/(-15)*(1 + -4).
8
Let j(g) = -g**2 + 7*g - 6. Suppose -h - 2 - 30 = -4*m, 0 = 3*m - 5*h - 7. Let r be j(m). Let z = r + 37. Calculate the remainder when 24 is divided by z.
11
Let c(s) = -9*s + 41. Calculate the remainder when c(-5) is divided by 24.
14
Let y(j) = -2 - 2*j**2 + 2*j**2 - 13*j - 2 - j**2. Suppose -3*x - 2*t = -45, -6*t + 15 = -t. What is the remainder when y(-6) is divided by x?
12
Suppose -3*f + 77 = 4*f. What is the remainder when (-6)/(-5)*50/3 is divided